 139199
List the prime factors of 178620991.
3307, 54013
What are the prime factors of 350733322?
2, 175366661
What are the prime factors of 1465005132?
2, 3, 3491, 11657
List the prime factors of 257378676.
2, 3, 439, 48857
List the prime factors of 64314445.
5, 13, 41, 24133
List the prime factors of 629434494.
2, 3, 13, 2689891
What are the prime factors of 323035442?
2, 1123, 143827
What are the prime factors of 459562424?
2, 19, 3023437
What are the prime factors of 232862109?
3, 77620703
What are the prime factors of 738987225?
3, 5, 97, 157, 647
What are the prime factors of 218731292?
2, 13, 323567
List the prime factors of 4679157479.
1061, 4410139
What are the prime factors of 2255926032?
2, 3, 5222051
What are the prime factors of 5528511435?
3, 5, 17, 61, 355417
What are the prime factors of 4515747183?
3, 71, 839, 8423
What are the prime factors of 144975573?
3, 3307, 4871
List the prime factors of 1967101880.
2, 5, 2083, 23609
List the prime factors of 338437441.
338437441
List the prime factors of 114150318.
2, 3, 137, 138869
What are the prime factors of 64065962?
2, 17, 1884293
What are the prime factors of 213849462?
2, 3, 919, 38783
List the prime factors of 1009561.
7, 144223
List the prime factors of 243791161.
31, 151, 52081
What are the prime factors of 1612688062?
2, 14009, 57559
List the prime factors of 317195762.
2, 13, 41, 47, 487
List the prime factors of 627135869.
19, 33007151
What are the prime factors of 147455223?
3, 49151741
What are the prime factors of 260243317?
937, 277741
What are the prime factors of 245357740?
2, 5, 12267887
List the prime factors of 67413656.
2, 211, 39937
List the prime factors of 5862011.
5862011
List the prime factors of 2707859370.
2, 3, 5, 421, 214399
List the prime factors of 22996930.
2, 5, 11, 209063
What are the prime factors of 96594588?
2, 3, 47, 57089
List the prime factors of 744397959.
3, 139, 751, 2377
What are the prime factors of 7190124169?
7190124169
List the prime factors of 200008402.
2, 11, 19, 43499
What are the prime factors of 177216966?
2, 3, 9845387
List the prime factors of 164093370.
2, 3, 5, 7, 781397
List the prime factors of 2860497790.
2, 5, 239, 1196861
What are the prime factors of 240063483?
3, 11, 7274651
List the prime factors of 2812960960.
2, 5, 2617, 3359
What are the prime factors of 3952774223?
191, 20695153
List the prime factors of 37101743.
7, 643, 8243
List the prime factors of 150579511.
41, 103, 181, 197
What are the prime factors of 513601172?
2, 7, 18342899
What are the prime factors of 670713731?
8513, 78787
List the prime factors of 97623995.
5, 7, 19, 73, 2011
List the prime factors of 506430906.
2, 3, 61, 1383691
List the prime factors of 601588002.
2, 3, 79, 1269173
List the prime factors of 15412523.
7, 17, 129517
What are the prime factors of 4259664267?
3, 4139, 343051
What are the prime factors of 619335809?
619335809
List the prime factors of 218232290.
2, 5, 19, 37, 839
What are the prime factors of 5815716900?
2, 3, 5, 7, 395627
List the prime factors of 45810796.
2, 11452699
What are the prime factors of 18352652?
2, 2141, 2143
List the prime factors of 1240934910.
2, 3, 5, 41364497
List the prime factors of 61108359.
3, 13, 1566881
List the prime factors of 57509234.
2, 1787, 16091
What are the prime factors of 256633011?
3, 23, 1239773
What are the prime factors of 105519292?
2, 26379823
What are the prime factors of 512375136?
2, 3, 7, 13, 89, 659
List the prime factors of 32679345.
3, 5, 197, 11059
What are the prime factors of 582646520?
2, 5, 14566163
What are the prime factors of 76763458?
2, 19, 2020091
List the prime factors of 3399898.
2, 17, 19, 277
List the prime factors of 2943906610.
2, 5, 9349, 31489
What are the prime factors of 759810172?
2, 11, 17, 43, 23623
List the prime factors of 2413514333.
1021, 2363873
What are the prime factors of 42890538?
2, 3, 23, 310801
List the prime factors of 271775472.
2, 3, 29, 195241
List the prime factors of 468185089.
468185089
What are the prime factors of 127414804?
2, 11, 2895791
What are the prime factors of 411811864?
2, 51476483
List the prime factors of 22985033.
22985033
What are the prime factors of 1641897886?
2, 1579, 519917
List the prime factors of 19646351.
59, 332989
List the prime factors of 2941284201.
3, 27179, 36073
What are the prime factors of 46755794?
2, 89, 193, 1361
What are the prime factors of 27542280?
2, 3, 5, 229519
What are the prime factors of 1807738979?
17, 907, 117241
What are the prime factors of 2350003602?
2, 3, 17, 353, 65267
List the prime factors of 37290451.
11, 3390041
List the prime factors of 49325825.
5, 1973033
What are the prime factors of 676648275?
3, 5, 9021977
List the prime factors of 209200316.
2, 13, 29, 138727
List the prime factors of 213108589.
587, 363047
List the prime factors of 306772969.
991, 309559
What are the prime factors of 327773806?
2, 83, 1974541
List the prime factors of 257019762.
2, 3, 42836627
What are the prime factors of 931084351?
931084351
List the prime factors of 1600254.
2, 3, 88903
What are the prime factors of 94370609?
37, 1019, 2503
List the prime factors of 86245664.
2, 2695177
List the prime factors of 31209367.
7, 23, 193847
What are the prime factors of 921361549?
12451, 73999
List the prime factors of 487554216.
2, 3, 20314759
What are the prime factors of 252750671?
12941, 19531
What are the prime factors of 312531902?
2, 156265951
List the prime factors of 117140170.
2, 5, 7, 43, 38917
What are the prime factors of 116690844?
2, 3, 1279, 7603
What are the prime factors of 46983474?
2, 3, 2610193
What are the prime factors of 431994442?
2, 11, 1785101
List the prime factors of 1057236964.
2, 7, 37, 829, 1231
What are the prime factors of 102787413?
3, 31, 491, 2251
List the prime factors of 731692181.
11, 347, 191693
List the prime factors of 767616.
2, 3, 1999
What are the prime factors of 514419426?
2, 3, 23, 839, 1481
List the prime factors of 216348110.
2, 5, 11, 241, 8161
What are the prime factors of 2338608481?
11, 79, 2691149
What are the prime factors of 32218214?
2, 7, 2301301
What are the prime factors of 269051175?
3, 5, 61, 19603
List the prime factors of 52437772.
2, 13109443
What are the prime factors of 59996518?
2, 29998259
What are the prime factors of 54730321?
6659, 8219
List the prime factors of 658713082.
2, 2539, 129719
What are the prime factors of 56049147?
3, 7, 11, 31, 2609
List the prime factors of 97566060.
2, 3, 5, 17, 41, 2333
What are the prime factors of 3673737593?
71, 149, 239, 1453
What are the prime factors of 17098973?
17098973
List the prime factors of 251416691.
263, 955957
What are the prime factors of 41944492?
2, 47, 101
List the prime factors of 74443395.
3, 5, 13, 381761
What are the prime factors of 650385179?
1559, 417181
List the prime factors of 877717786.
2, 11, 17, 213349
List the prime factors of 1583303706.
2, 3, 19, 1543181
List the prime factors of 173316729.
3, 57772243
What are the prime factors of 196772280?
2, 3, 5, 17, 96457
What are the prime factors of 886086838?
2, 7, 13, 4868609
List the prime factors of 3742953078.
2, 3, 37, 16860149
What are the prime factors of 617855727?
3, 11173, 18433
List the prime factors of 4172250288.
2, 3, 7933, 10957
List the prime factors of 788642162.
2, 7, 11, 239, 3061
List the prime factors of 1148474618.
2, 574237309
List the prime factors of 406369785.
3, 5, 17, 1593607
What are the prime factors of 150794887?
19, 1303, 6091
What are the prime factors of 1460292092?
2, 7, 797, 65437
List the prime factors of 25092789.
3, 733, 11411
List the prime factors of 7543248800.
2, 5, 163, 57847
What are the prime factors of 22179905?
5, 11, 61, 601
What are the prime factors of 118721400?
2, 3, 5, 7, 23, 1229
What are the prime factors of 465559949?
465559949
What are the prime factors of 4937949796?
2, 13, 1523, 62351
What are the prime factors of 382977891?
3, 389, 109391
List the prime factors of 106999012.
2, 41, 15913
List the prime factors of 29537863.
29, 79, 12893
What are the prime factors of 616497326?
2, 223, 419, 3299
List the prime factors of 15144587.
251, 60337
List the prime factors of 195722620.
2, 5, 9786131
What are the prime factors of 78506334?
2, 3, 484607
List 